 + 5*z + 4 + 4*z - 2*z - 4*z. What is h(d)?
-5
Let x(m) be the third derivative of -m**7/2520 - 5*m**4/24 - 3*m**2. Let b(v) be the second derivative of x(v). Determine b(-1).
-1
Let r(a) = a**3 + 2*a**2 + a. Let v = 13 + -19. Let x be (v - (4 - 8)) + 0. What is r(x)?
-2
Suppose -5*k + 24 = -1. Let q(r) be the second derivative of r**4/12 - r**3 - r. What is q(k)?
-5
Let j(m) = -2*m + 4 + 7*m - 5*m + 6*m - m**2. What is j(6)?
4
Suppose -4*w - 4*y + 3*y + 4 = 0, -w - 2*y = 6. Let z(q) = 2*q + w - 2*q + q + 2. Let o = -2 - 3. Give z(o).
-1
Suppose -3*h = -5*j - 47 + 7, 0 = h. Let z(r) = -r - 7. Give z(j).
1
Let u(j) = -j**2 + 1. Let y = -10 - -8. Calculate u(y).
-3
Suppose 2*x + 5*r = -6, 5*x - 4*r + 9*r = 0. Let s(o) = 1 - 2*o - 5*o + 3*o. What is s(x)?
-7
Let o(g) = 27*g. Suppose -5 = -4*n + 2*c + 3, 3*n + 3*c = -3. Determine o(n).
27
Let h(p) be the third derivative of 2*p**2 + 0*p**4 - 1/60*p**5 + 1/20*p**6 + 0*p + 0 + 1/6*p**3. Suppose -2*n - 2*n = 4. Calculate h(n).
-6
Let p(c) = -c**3 - 5*c**2 + c + 3. Let i(n) = -2*n**3 - 10*n**2 + 3*n + 7. Let x(a) = -6*i(a) + 13*p(a). Calculate x(-3).
-6
Let f(c) be the second derivative of 3*c**3/2 + c**2/2 + 10*c. What is f(-1)?
-8
Let m(r) = -r. Let z be m(-3). Suppose -z*p + 10 = 2*v, p + 0*p = 4*v - 6. Let h(q) = 3*q**2 - 2*q - 1. What is h(v)?
7
Let y(b) be the second derivative of 0 - 4*b - 1/20*b**5 + 3*b**2 - 1/6*b**3 + 5/12*b**4. Suppose 0 = -4*l - x + 19, 4*l - l - 3*x - 18 = 0. Give y(l).
1
Let p(b) be the second derivative of b**4/12 - 4*b**3/3 + 3*b**2/2 + b. Let z = -22 + 26. What is p(z)?
-13
Let s(z) = 5*z**3 + z**2 - 2*z + 1. Let p be 2/(6 - (-16)/(-4)). Calculate s(p).
5
Let b(y) be the first derivative of y**4 + 2*y**3/3 - y**2 + y - 3. What is b(1)?
5
Suppose 4*c - 7 = 3*c. Let i(g) be the first derivative of g**4/4 - 8*g**3/3 + 9*g**2/2 - 8*g - 5. What is i(c)?
6
Let w(u) be the second derivative of -3/2*u**2 + 0 - 1/6*u**3 - 5*u. Determine w(0).
-3
Let p(d) = -d + 1. Let y(s) = 6*s**3 - 2*s**2 + 6*s - 5. Let g(a) = -4*p(a) - y(a). Give g(1).
-5
Let w(i) be the first derivative of i**4/4 + 5*i - 1. Let d(s) = s**2 - 6*s - 7. Let z be (-1)/3*(-4 + -17). Let c be d(z). What is w(c)?
5
Suppose -7*n = -n. Let x(j) be the third derivative of -1/60*j**5 + 2*j**2 + 0*j + 0*j**3 + 0*j**4 + n. What is x(-1)?
-1
Let j(s) = 4*s**3 + 2*s**2 + 5*s + 6. Let z(f) = 5*f**3 + f**2 + 5*f + 6. Let q(m) = 4*j(m) - 3*z(m). Determine q(-4).
2
Let h(t) be the third derivative of -1/24*t**4 - 5/6*t**3 + 0 - 2*t**2 + 0*t + 1/60*t**5. Determine h(0).
-5
Let x(w) = 2*w - 3. Let z(c) = -2*c + 13. Let g be z(5). Give x(g).
3
Let g = 2 + 0. Let s(d) = d**2 - 3*d + 2*d**2 - 4*d**g + 1 + 4*d - 3*d**3. Calculate s(-1).
2
Let b(p) be the second derivative of p - p**2 + 0 - 2/3*p**3 + 1/24*p**4. Let o(i) be the first derivative of b(i). Determine o(2).
-2
Let z(q) = 7*q**2 - 9*q - 14. Let c(o) = -4*o**2 + 4*o + 7. Let p(d) = 5*c(d) + 3*z(d). Give p(7).
-7
Let i(t) = -t**3 + 4*t + 1. Let v = -53 - -56. What is i(v)?
-14
Let f be ((-3)/9)/((-2)/(-6)). Let y = 0 + f. Let k(v) = 10*v**3 + v**2. What is k(y)?
-9
Suppose -5 = 3*n + 4. Let t = 4 + n. Let b(a) = -a**3 - a**2 - 4*a + 1. Let d(r) = -2*r**3 - 3*r**2 - 9*r + 2. Let i(m) = 5*b(m) - 2*d(m). Give i(t).
-1
Let f(o) = o**3 - 13*o**2 - 2*o + 9. Let v(l) = -l**3 + 12*l**2 + 3*l - 8. Let i(q) = -5*f(q) - 6*v(q). Calculate i(8).
3
Let p(a) = -2*a + 8. Suppose 22 = 3*f - 47. Let z = -16 + f. Give p(z).
-6
Let t(b) be the third derivative of b**8/6720 - b**7/360 + b**6/144 + b**5/15 - b**4/12 - 4*b**2. Let a(w) be the second derivative of t(w). Calculate a(6).
2
Let f(t) be the third derivative of t**5/30 - t**4/12 + t**3/6 + 2*t**2. Determine f(2).
5
Let j be (-28)/(-49) - (18/56)/1. Let z(t) be the first derivative of -2 - j*t**4 - 5*t - 1/2*t**2 + 5/3*t**3. Determine z(4).
7
Let j(k) = -2*k**2 - 6*k - 6. Suppose -2*c + 12 = -5*c. Determine j(c).
-14
Let f = 34 + -31. Let a(n) = -3*n - 1. Give a(f).
-10
Let m(d) be the third derivative of d**5/60 + 3*d**4/8 - 13*d**3/6 + 31*d**2. Give m(-10).
-3
Let s be (-4 + -2)/(-2) - -1. Let j(o) = -2 + 3*o - 2*o - 6*o - o**2 + 2*o**2. Determine j(s).
-6
Let t(b) = b**2 - b + 1. Let h(y) = -2*y**2 + y - 2. Let v(l) = -l**2 - 3*l - 4. Let f be v(-3). Let z(c) = f*h(c) - 7*t(c). Calculate z(-3).
1
Let a(n) = 2*n**3 - 13*n**2 - 15*n + 5. Let v(c) = c**3 - 6*c**2 - 7*c + 3. Let o(m) = 2*a(m) - 5*v(m). Calculate o(5).
-5
Let i(l) = -l**2 + l + 7. Suppose 2*w - 1 = -2*f - 13, 4*w + 26 = -2*f. Let z = w + 7. Calculate i(z).
7
Let x(f) = 9 + 1 - 4 + f + 3*f. Suppose 5*k + 10 = 3*k. What is x(k)?
-14
Let q(d) = 5*d**2 - 4*d - 17. Let o(v) = -2*v**2 + v + 6. Let i(k) = 8*o(k) + 3*q(k). Give i(-5).
-8
Let s(g) = -g - 1. Suppose 2 = i - 2. Suppose 0 = -i*d - 2*m - 4, -m = d + 2 - 1. Give s(d).
0
Let b = -17 + 17. Let d(o) = o**2 + o + 2. Determine d(b).
2
Suppose 4*p = d + 16, 5*d = p + d - 4. Let i(q) = -p*q - 4 + q + q. Let n(o) = o**2 - 6*o - 3. Let g be n(6). Give i(g).
2
Let p(f) = f**3 - 6*f**2 + 2*f - 9. Let m = -6 - -8. Suppose 5*k - 2*n = -4*n + 24, -3*k + m*n = -24. Give p(k).
3
Let j(x) = -x**3 - 5*x**2 - 7*x - 4. Let d = 27 + -31. What is j(d)?
8
Let p(h) = h**3 - 25*h**2 + 22*h + 42. Let t be p(24). Let w(b) = b**2 + 12*b + 9. Calculate w(t).
-27
Let z(a) = a**2 + 0*a**2 + 2*a**2 - 94 + 96 - 2*a - a**3. Calculate z(2).
2
Let b(s) be the first derivative of s**3/3 + 7*s**2/2 + 6*s - 7. Determine b(-6).
0
Let m(t) be the second derivative of t**5/20 + 5*t**4/12 + 2*t**3/3 + 3*t**2 - 4*t. Suppose -2*k + h = -h + 10, 0 = k + h + 3. Calculate m(k).
6
Let a(o) be the second derivative of 1/20*o**5 - 1/4*o**4 + 1/2*o**2 + 0 - 3*o - 1/3*o**3. Suppose -4*b + 0*b + 12 = 0. Determine a(b).
-5
Let l(d) = -6*d - 1. Let j be l(-1). Suppose -5*v + j*i + 50 = -0*v, v - 19 = -2*i. Let q = v - 18. Let t(y) = -2*y - 3. Give t(q).
7
Let d(n) be the second derivative of -n**4/24 - n**3/2 + 2*n**2 - n. Let l(s) be the first derivative of d(s). What is l(4)?
-7
Let h be 1*-8*15/(-20). Let j(o) = o**3 - 5*o**2 - 6*o - 4. Calculate j(h).
-4
Let k(h) = -76*h**2 + 3*h - 11 + 6*h + 72*h**2. Let d(l) = -2*l**2 + 4*l - 5. Let t(b) = -13*d(b) + 6*k(b). Calculate t(-2).
3
Let j(h) be the second derivative of h**4/12 - 4*h**3/3 + 9*h**2/2 + 33*h. Calculate j(7).
2
Let a be 2*(-1)/(2/5). Let s(h) = h**2 + 7*h + 4. Let g be s(a). Let p(x) = x**3 + 6*x**2 - 5. Give p(g).
-5
Suppose a = -0 - 2. Let s(l) = 0 - 2 - 4*l - 2*l + 5*l - 2*l**2. Give s(a).
-8
Let i(h) = 4*h. Let w(r) = r**2 - 6*r + 10. Let j be w(4). What is i(j)?
8
Suppose -5*m = -16 + 1. Let k be 12/(-18) + (-1)/m. Let y(n) = 7*n + 4*n - 4*n. Calculate y(k).
-7
Let y(i) = i**2 + i - 1. Let t(g) = 2*g**2 + g. Let r be t(-1). Let d(f) = 4*f**2 + 8*f - 3. Let o(z) = r*d(z) - 3*y(z). Determine o(-5).
0
Let d(r) = -r**3 - 7*r**2 + 17*r - 9. Let p be d(-9). Let g(y) be the third derivative of -1/6*y**4 + 0*y - 1/60*y**5 - y**2 + p - 5/6*y**3. Determine g(-4).
-5
Let p = -12 + 8. Let x(a) = -a**2 - 5. Determine x(p).
-21
Let u = 2 + 0. Let c(k) = -2*k - k**2 + 7 + 0*k**u - 2*k. Suppose b - 2 = -4*r - 7, -5*b = 5*r + 25. Calculate c(b).
2
Let u(d) = 2*d - 5*d**2 - 5 + d**3 - 3*d - 4*d**2 + 4*d**2. Let x(t) = t**2 + 5*t + 3. Let i be x(-5). Suppose i*j - 5 = 2*j. Calculate u(j).
-10
Let u be (-7)/14*(0 - 0). Let b(y) = 3*y**3 - 3 + y**3 - 3*y**3 - y**2. What is b(u)?
-3
Let c(w) = -6*w + 5*w + 1 - 4*w + 12*w. Let r(z) = -8*z - 2. Let v(s) = 4*c(s) + 3*r(s). Determine v(2).
6
Let m be ((-1)/3)/(4/(-24)). Let r be 0 + m + (3 - 3). Suppose 2*n - r*u - 14 = -4*u, 0 = -5*u + 10. Let i(v) = v**2 - 5*v + 1. Determine i(n).
1
Let h be (-2)/(2 + 87/(-45)). Let f = -15 - h. Suppose 2*v - 7*v - f = 0. Let i(d) = -2*d - 3. Calculate i(v).
3
Let c(k) = k + 8. Let h be c(-6). Suppose h*s = 6, 0*w - w + 2*s = 4. Let r(t) = w*t**2 + 2 + t + 0 - 3. Give r(1).
2
Let v be (6/(-10))/((-2)/10). Let a(w) = -3 + v + w. Suppose -4*s = 4*x, -2*s - 16 = 3*x - 5*x. What is a(x)?
4
Let q(h) = 3 - 1 - 1 + h. Let s(l) = 3*l + 4 - 2*l + 2*l. Let b(m) = -2*q(m) + s(m). Determine b(0).
2
Let j(t) = t**2 + 3*t + 8. Let q(p) = -3*p**2 - 9*p - 23. Let v(b) = 17*j(b) + 6*q(b). Give v(-2).
0
Let n be (3 - -1)/(2 + 0). Let h(w) = -6 + 7 - n - w. G